56
In base 2, what is -100 + -1111110?
-10000010
In base 12, what is 4 + b7?
bb
In base 9, what is 6 - 13?
-6
In base 10, what is 70 - 51?
19
In base 3, what is -2001 - -2022?
21
In base 13, what is 5 - -1b46?
1b4b
In base 12, what is -1 - -158?
157
In base 5, what is 1 - -1231?
1232
In base 11, what is 72 + 2?
74
In base 2, what is -1000110 + 11?
-1000011
In base 2, what is -111010011 - 11011?
-111101110
In base 13, what is 1 - 8?
-7
In base 6, what is -5 - 2424?
-2433
In base 12, what is -65b4 + -3?
-65b7
In base 10, what is -1029 + 11?
-1018
In base 7, what is -15 + -335?
-353
In base 2, what is -100 - 1001011?
-1001111
In base 11, what is 2a97 + 2?
2a99
In base 6, what is -3 + -33?
-40
In base 10, what is -616 + -1?
-617
In base 2, what is -111111100 + 101?
-111110111
In base 10, what is -153 - -3?
-150
In base 3, what is -10220 - -1?
-10212
In base 10, what is 312 + -1?
311
In base 14, what is -45a6 - -3?
-45a3
In base 4, what is -112 - -2012?
1300
In base 11, what is 2 + -51?
-4a
In base 5, what is 0 - -1043?
1043
In base 13, what is -80 - 5?
-85
In base 5, what is 1040 + 404?
1444
In base 6, what is 1305 - -5?
1314
In base 2, what is 11011101 - 1011?
11010010
In base 13, what is -24 - 42?
-66
In base 7, what is -5 + 100?
62
In base 14, what is -22 + 6?
-1a
In base 5, what is 23 - 11114?
-11041
In base 15, what is -4249 - 2?
-424b
In base 9, what is -25 - 5?
-31
In base 7, what is 110 - 26?
51
In base 13, what is 4 + 6b9?
6c0
In base 13, what is -4c5 + -5?
-4ca
In base 16, what is 0 - 4c2?
-4c2
In base 14, what is 5c7 + -4?
5c3
In base 12, what is -4271 - 3?
-4274
In base 6, what is 3 - -101?
104
In base 12, what is 4 + -50?
-48
In base 10, what is 2 + -79?
-77
In base 10, what is -53 + -127?
-180
In base 10, what is 4 - -109?
113
In base 11, what is 4 + -11?
-8
In base 3, what is 0 + 10?
10
In base 10, what is 3 - -6?
9
In base 9, what is 63 + -48?
14
In base 14, what is 0 - dc?
-dc
In base 16, what is 0 + -16?
-16
In base 12, what is 34 - -2b?
63
In base 12, what is 2 + 42?
44
In base 2, what is 100100101 - -11?
100101000
In base 13, what is 8 - -3a8?
3b3
In base 13, what is -6 - 6c?
-75
In base 2, what is 1001 - 1111111?
-1110110
In base 12, what is 3 - -146?
149
In base 13, what is -b98 - 0?
-b98
In base 3, what is -101 - -2121?
2020
In base 2, what is 1011 - 101?
110
In base 10, what is -7067 - 1?
-7068
In base 13, what is 28 - -1c?
47
In base 3, what is 10 - -121000?
121010
In base 10, what is 2 + -23?
-21
In base 8, what is 1 - -71?
72
In base 11, what is 3 - -46?
49
In base 5, what is 2 - -1442?
1444
In base 9, what is 1 - -27?
28
In base 8, what is -4 - 347?
-353
In base 10, what is 209 + -19?
190
In base 4, what is 1 + -232331?
-232330
In base 4, what is 2 + 1312?
1320
In base 4, what is -320303 - 2?
-320311
In base 14, what is -904 - -b?
-8d7
In base 3, what is 11 + 1200?
1211
In base 9, what is -2 - -1105?
1103
In base 11, what is 14706 + 1?
14707
In base 4, what is 10 + 103032?
103102
In base 14, what is -2 + -24?
-26
In base 3, what is 11021 - 11?
11010
In base 10, what is -21 + 1?
-20
In base 8, what is -133 + -2?
-135
In base 8, what is 2 + 746?
750
In base 15, what is -8 + -17?
-20
In base 2, what is -10 - 11011000100?
-11011000110
In base 9, what is -1120 + 3?
-1116
In base 16, what is 4 - 21?
-1d
In base 12, what is -1090 - -5?
-1087
In base 11, what is -3 - -805?
802
In base 15, what is -1 - 4d?
-4e
In base 5, what is 1200 - 10?
1140
In base 12, what is -3 + 40a?
407
In base 12, what is 888 + -4?
884
In base 15, what is 9 - 55?
-4b
In base 15, what is 4 + 1ab?
1b0
In base 2, what is -111111001 + 11?
-111110110
In base 3, what is -12 + 1012201?
1012112
In base 12, what is 22 - -6?
28
In base 13, what is -23c + -2?
-241
In base 16, what is 293 - 2?
291
In base 15, what is -1a4 - -4?
-1a0
In base 4, what is 131 + 1222?
2013
In base 3, what is 21 + -12220?
-12122
In base 6, what is 4553 - -2?
4555
In base 2, what is -111001001 + 11?
-111000110
In base 13, what is 3 - -a3?
a6
In base 3, what is -12200 + 21?
-12102
In base 8, what is -1 + 147?
146
In base 10, what is 579 - 5?
574
In base 9, what is -22 - 1?
-23
In base 4, what is 12 + -1100?
-1022
In base 13, what is -27 + 11?
-16
In base 5, what is -343 + 4?
-334
In base 9, what is 28 - -5?
34
In base 8, what is -41 + -330?
-371
In base 2, what is 1011011101 + -10?
1011011011
In base 16, what is 4 + -eb?
-e7
In base 14, what is -334 - 5?
-339
In base 3, what is -2100 + -11?
-2111
In base 14, what is -4 + -8b?
-91
In base 7, what is 301 - 25?
243
In base 6, what is 341 + -5?
332
In base 7, what is 314 + -161?
123
In base 16, what is -e - -4?
-a
In base 13, what is -2 - 2882?
-2884
In base 6, what is -1 - -2331?
2330
In base 5, what is 1030 + -13?
1012
In base 10, what is 4 + 275?
279
In base 5, what is -14034 + 42?
-13442
In base 7, what is 41 - 166?
-125
In base 12, what is 102 - 5?
b9
In base 3, what is 2 + 201000?
201002
In base 4, what is 20 - -221?
301
In base 10, what is -399 - -5?
-394
In base 12, what is 11 + b?
20
In base 13, what is bb + 2?
c0
In base 15, what is 2ecc + -4?
2ec8
In base 9, what is 13 - -2?
15
In base 10, what is 1 - 412?
-411
In base 6, what is 1 + 335?
340
In base 11, what is -5 + -389?
-393
In base 13, what is -92 + -5?
-97
In base 12, what is -19 + 1?
-18
In base 12, what is -4 + -8a7?
-8ab
In base 10, what is 13278 + 4?
13282
In base 8, what is -7 - 52?
-61
In base 3, what is -1011 + -12?
-1100
In base 14, what is 159 + -4?
155
In base 8, what is -15377 - 3?
-15402
In base 3, what is -10020 - -12?
-10001
In base 8, what is 3116 - 2?
3114
In base 13, what is -4 - -1800?
17c9
In base 11, what is -2 + 64?
62
In base 14, what is -30 - -10?
-20
In base 13, what is 5 - 9?
-4
In base 11, what is -3 - 17a?
-182
In base 13, what is -b + 4b?
40
In base 11, what is 1435 - a?
1426
In base 5, what is 10 + 3340?
3400
In base 10, what is 368 + -5?
363
In base 4, what is 310 - 11?
233
In base 13, what is -111 - 1?
-112
In base 4, what is 0 + -1121222?
-1121222
In base 11, what is -1 + -140?
-141
In base 2, what is -1 + 0?
-1
In base 16, what is -5 + -25d?
-262
In base 3, what is -11022120 + 12?
-11022101
In base 16, what is 7 + 33?
3a
In base 14, what is 3 - 1d?
-1a
In base 10, what is -1 - -2814?
2813
In base 8, what is 160 + -5?
153
In base 3, what is 120 - 112?
1
In base 15, what is 15 - -38?
4d
In base 7, what is -14 + 14?
0
In base 7, what is -34 - 11?
-45
In base 4, what is 1030 - -11?
1101
In base 5, what is -2 - -43?
41
In base 14, what is 68 + ba?
144
In base 3, what is 2111 + -22?
2012
In base 9, what is -13 + -37?
-51
In base 11, what is 3 - 3a7?
-3a4
In base 9, what is -5 + -247?
-253
In base 4, what is -1 + 2231?
2230
In base 13, what is c4 + 1?
c5
In base 4, what is 20 + -20200?
-20120
In base 6, what is -1322 + 1?
-1321
In base 5, what is -3 - -40?
32
In base 14, what is 95 + 3?
98
In base 5, what is -4101040 - 4?
-4101044
In base 11, what is -1 + 169?
168
In base 3, what is -1010 - -11102?
10022
In base 13, what is -3 + -72?
-75
In base 6, what is -3 + -3?
-10
In base 14, what is -510 + -1?
-511
In base 5, what is -13 - 10440?
-11003
In base 16, what is -2 + 30d?
30b
In base 8, what is -5165 - 3?
-5170
In base 7, what is 6 - -2311?
2320
In base 9, what is 3 - -212?
215
In base 2, what is 10100 + 1010?
11110
In base 6, what is 121 - -150?
311
In base 15, what is -d + 2d?
20
In base 9, what is 3 - 43?
-40
In base 12, what is -10 - -a?
-2
In base 15, what is 4 - 4c?
-48
In base 13, what is -31 + -175?
-1a6
In base 12, what is -596 + -3?
-599
In base 5, what is -133 + -2?
-140
In base 8, what is -3 - -111?
106
In base 14, what is -a + -4d?
-59
In base 5, what is -2342 - -40?
-2302
In base 7, what is -153 + 2?
-151
In base 14, what is -5 - -39?
34
In base 9, what is 5 - -82?
87
In base 3, what is -1002 - 2?
-1011
In base 16, what is 4 - -1e?
22
In base 9, what is 40 + -6?
33
In base 10, what is -33 - 97?
-130
In base 15, what is 3c5 + 3?
3c8
In base 2, what is -101 + -1011010?
-1011111
In base 13, what is 50 - -2?
52
In base 5, what is -14 + 42?
23
In base 10, what is 2 + 2994?
2996
In base 11, what is -44 + 4?
-40
In base 5, what is -3 + 3123?
3120
In base 2, what is 1 - 1100000011?
-1100000010
In base 3, what is -2 - -1020200?
1020121
In bas